{"id":717,"date":"2021-11-19T21:41:54","date_gmt":"2021-11-19T20:41:54","guid":{"rendered":"https:\/\/www.kendicaffe.com\/prodotto\/miscela-speciale-moderno-in-cialde\/"},"modified":"2023-11-03T10:12:38","modified_gmt":"2023-11-03T09:12:38","slug":"miscela-speciale-moderno-in-cialde","status":"publish","type":"product","link":"https:\/\/kendicaffe.com\/?product=miscela-speciale-moderno-in-cialde&lang=de","title":{"rendered":"miscela speciale MODERNO Kaffeepads"},"content":{"rendered":"<p>Die <strong>Mischung aus speziellem modernem<\/strong> Kaffee ist auch in praktischen Kaffeepads und Kapseln erh\u00e4ltlich, ideal f\u00fcr einen schnellen und hochwertigen Kaffee zu Hause oder im B\u00fcro. Die Auswahl der besten vietnamesischen, indischen, ugandischen und brasilianischen Kaffeebohnen wird sorgf\u00e4ltig gemahlen und in Kaffeepads und Kapseln verpackt, um die Intensit\u00e4t und das Aroma der Mischung zu bewahren.<\/p>\n<p>Die Kaffeepads und Kapseln dieser Mischung aus speziellem modernem Kaffee bieten ein einzigartiges und intensives Geschmackserlebnis mit Noten von Schokolade und Karamell, w\u00fcrziger S\u00fc\u00dfe von Kardamom und Zimt, fruchtigem und blumigem Geschmack von Waldfr\u00fcchten und wei\u00dfen Bl\u00fcten sowie einer cremigen S\u00fc\u00dfe mit einem Nachgeschmack von Schokolade und Haseln\u00fcssen. Die Bequemlichkeit der Kaffeepads und Kapseln macht sie f\u00fcr diejenigen geeignet, die qualitativ hochwertigen Kaffee suchen, ohne auf Bequemlichkeit verzichten zu m\u00fcssen.<\/p>\n","protected":false},"excerpt":{"rendered":"<p>Packung mit 100 St\u00fcck.<\/p>\n","protected":false},"featured_media":2108,"comment_status":"open","ping_status":"closed","template":"","meta":{"_et_pb_use_builder":"","_et_pb_old_content":"","_et_gb_content_width":""},"product_brand":[],"product_cat":[60],"product_tag":[],"class_list":{"0":"post-717","1":"product","2":"type-product","3":"status-publish","4":"has-post-thumbnail","6":"product_cat-pods-kapseln","8":"first","9":"outofstock","10":"sale","11":"taxable","12":"shipping-taxable","13":"purchasable","14":"product-type-simple"},"jetpack_sharing_enabled":true,"_links":{"self":[{"href":"https:\/\/kendicaffe.com\/index.php?rest_route=\/wp\/v2\/product\/717","targetHints":{"allow":["GET"]}}],"collection":[{"href":"https:\/\/kendicaffe.com\/index.php?rest_route=\/wp\/v2\/product"}],"about":[{"href":"https:\/\/kendicaffe.com\/index.php?rest_route=\/wp\/v2\/types\/product"}],"replies":[{"embeddable":true,"href":"https:\/\/kendicaffe.com\/index.php?rest_route=%2Fwp%2Fv2%2Fcomments&post=717"}],"wp:featuredmedia":[{"embeddable":true,"href":"https:\/\/kendicaffe.com\/index.php?rest_route=\/wp\/v2\/media\/2108"}],"wp:attachment":[{"href":"https:\/\/kendicaffe.com\/index.php?rest_route=%2Fwp%2Fv2%2Fmedia&parent=717"}],"wp:term":[{"taxonomy":"product_brand","embeddable":true,"href":"https:\/\/kendicaffe.com\/index.php?rest_route=%2Fwp%2Fv2%2Fproduct_brand&post=717"},{"taxonomy":"product_cat","embeddable":true,"href":"https:\/\/kendicaffe.com\/index.php?rest_route=%2Fwp%2Fv2%2Fproduct_cat&post=717"},{"taxonomy":"product_tag","embeddable":true,"href":"https:\/\/kendicaffe.com\/index.php?rest_route=%2Fwp%2Fv2%2Fproduct_tag&post=717"}],"curies":[{"name":"wp","href":"https:\/\/api.w.org\/{rel}","templated":true}]}}